e the prime factors of 33712?
2, 7, 43
List the prime factors of 20415.
3, 5, 1361
List the prime factors of 19782.
2, 3, 7, 157
What are the prime factors of 5277?
3, 1759
What are the prime factors of 1393?
7, 199
What are the prime factors of 487?
487
What are the prime factors of 44979?
3, 11, 29, 47
List the prime factors of 15599.
19, 821
List the prime factors of 3904.
2, 61
List the prime factors of 559.
13, 43
What are the prime factors of 2614?
2, 1307
List the prime factors of 4372.
2, 1093
What are the prime factors of 6310?
2, 5, 631
What are the prime factors of 22594?
2, 11, 13, 79
What are the prime factors of 490?
2, 5, 7
List the prime factors of 1014.
2, 3, 13
What are the prime factors of 1943?
29, 67
List the prime factors of 521.
521
List the prime factors of 34377.
3, 7, 1637
List the prime factors of 98469.
3, 7, 521
List the prime factors of 369.
3, 41
What are the prime factors of 1005?
3, 5, 67
What are the prime factors of 103205?
5, 20641
List the prime factors of 751.
751
List the prime factors of 52062.
2, 3, 8677
What are the prime factors of 4086?
2, 3, 227
List the prime factors of 99150.
2, 3, 5, 661
What are the prime factors of 47518?
2, 23, 1033
List the prime factors of 4261.
4261
What are the prime factors of 2945?
5, 19, 31
What are the prime factors of 49266?
2, 3, 7, 17, 23
What are the prime factors of 1259?
1259
What are the prime factors of 89573?
11, 17, 479
What are the prime factors of 13069?
7, 1867
What are the prime factors of 69867?
3, 7, 1109
List the prime factors of 6111.
3, 7, 97
What are the prime factors of 1894?
2, 947
List the prime factors of 4236.
2, 3, 353
List the prime factors of 3942.
2, 3, 73
What are the prime factors of 2827?
11, 257
List the prime factors of 59394.
2, 3, 19, 521
What are the prime factors of 18561?
3, 23, 269
List the prime factors of 3813.
3, 31, 41
List the prime factors of 1836.
2, 3, 17
List the prime factors of 151.
151
What are the prime factors of 36958?
2, 17, 1087
List the prime factors of 28774.
2, 14387
What are the prime factors of 663?
3, 13, 17
List the prime factors of 6019.
13, 463
What are the prime factors of 1435?
5, 7, 41
List the prime factors of 221.
13, 17
List the prime factors of 86471.
7, 11, 1123
List the prime factors of 9771.
3, 3257
List the prime factors of 17461.
19, 919
List the prime factors of 2919.
3, 7, 139
List the prime factors of 1846.
2, 13, 71
List the prime factors of 4351.
19, 229
What are the prime factors of 38555?
5, 11, 701
List the prime factors of 466.
2, 233
List the prime factors of 1002.
2, 3, 167
List the prime factors of 14098.
2, 7, 19, 53
List the prime factors of 236.
2, 59
What are the prime factors of 108179?
108179
What are the prime factors of 27220?
2, 5, 1361
List the prime factors of 4343.
43, 101
List the prime factors of 2466.
2, 3, 137
List the prime factors of 8281.
7, 13
List the prime factors of 383.
383
List the prime factors of 754.
2, 13, 29
What are the prime factors of 698?
2, 349
What are the prime factors of 8426?
2, 11, 383
What are the prime factors of 1455?
3, 5, 97
What are the prime factors of 4713?
3, 1571
What are the prime factors of 2360?
2, 5, 59
What are the prime factors of 6110?
2, 5, 13, 47
List the prime factors of 2910.
2, 3, 5, 97
What are the prime factors of 65997?
3, 7333
List the prime factors of 777.
3, 7, 37
What are the prime factors of 22400?
2, 5, 7
What are the prime factors of 19398?
2, 3, 53, 61
List the prime factors of 67353.
3, 11, 13, 157
List the prime factors of 154178.
2, 127, 607
List the prime factors of 21655.
5, 61, 71
List the prime factors of 12028.
2, 31, 97
What are the prime factors of 44942?
2, 23, 977
What are the prime factors of 27579?
3, 29, 317
List the prime factors of 2215.
5, 443
What are the prime factors of 91352?
2, 19, 601
What are the prime factors of 8846?
2, 4423
List the prime factors of 5229.
3, 7, 83
List the prime factors of 2054.
2, 13, 79
What are the prime factors of 1945?
5, 389
What are the prime factors of 4183?
47, 89
What are the prime factors of 860?
2, 5, 43
List the prime factors of 5954.
2, 13, 229
What are the prime factors of 6743?
11, 613
List the prime factors of 7901.
7901
List the prime factors of 43626.
2, 3, 11, 661
What are the prime factors of 2549?
2549
What are the prime factors of 51989?
7, 1061
List the prime factors of 24695.
5, 11, 449
List the prime factors of 250.
2, 5
List the prime factors of 3883.
11, 353
What are the prime factors of 6652?
2, 1663
What are the prime factors of 1045?
5, 11, 19
List the prime factors of 4255.
5, 23, 37
List the prime factors of 41581.
43, 967
List the prime factors of 1505.
5, 7, 43
What are the prime factors of 7?
7
What are the prime factors of 2568?
2, 3, 107
List the prime factors of 2079.
3, 7, 11
What are the prime factors of 77835?
3, 5, 5189
What are the prime factors of 3910?
2, 5, 17, 23
List the prime factors of 5301.
3, 19, 31
List the prime factors of 6769.
7, 967
What are the prime factors of 1628?
2, 11, 37
What are the prime factors of 295?
5, 59
List the prime factors of 7095.
3, 5, 11, 43
List the prime factors of 53092.
2, 13, 1021
What are the prime factors of 3586?
2, 11, 163
List the prime factors of 392.
2, 7
List the prime factors of 9365.
5, 1873
What are the prime factors of 50?
2, 5
What are the prime factors of 4349?
4349
What are the prime factors of 8582?
2, 7, 613
List the prime factors of 18647.
29, 643
List the prime factors of 4983.
3, 11, 151
What are the prime factors of 1446?
2, 3, 241
What are the prime factors of 6076?
2, 7, 31
List the prime factors of 35413.
7, 5059
List the prime factors of 5459.
53, 103
List the prime factors of 257.
257
List the prime factors of 86648.
2, 10831
What are the prime factors of 8230?
2, 5, 823
What are the prime factors of 2323?
23, 101
What are the prime factors of 8589?
3, 7, 409
List the prime factors of 12742.
2, 23, 277
List the prime factors of 12503.
12503
List the prime factors of 295.
5, 59
What are the prime factors of 1689?
3, 563
What are the prime factors of 694?
2, 347
List the prime factors of 109031.
13, 8387
List the prime factors of 1331.
11
List the prime factors of 1267.
7, 181
List the prime factors of 61871.
61871
List the prime factors of 412.
2, 103
What are the prime factors of 3259?
3259
What are the prime factors of 14095?
5, 2819
What are the prime factors of 17067?
3, 5689
List the prime factors of 2217.
3, 739
List the prime factors of 1127.
7, 23
What are the prime factors of 863?
863
What are the prime factors of 4567?
4567
What are the prime factors of 33651?
3, 3739
List the prime factors of 3072.
2, 3
What are the prime factors of 876?
2, 3, 73
List the prime factors of 1660.
2, 5, 83
List the prime factors of 53904.
2, 3, 1123
What are the prime factors of 9980?
2, 5, 499
What are the prime factors of 514?
2, 257
What are the prime factors of 5818?
2, 2909
What are the prime factors of 3170?
2, 5, 317
List the prime factors of 3152.
2, 197
What are the prime factors of 5234?
2, 2617
List the prime factors of 288.
2, 3
List the prime factors of 5971.
7, 853
What are the prime factors of 30348?
2, 3, 281
What are the prime factors of 581?
7, 83
List the prime factors of 11972.
2, 41, 73
What are the prime factors of 2401?
7
List the prime factors of 3986.
2, 1993
What are the prime factors of 2966?
2, 1483
What are the prime factors of 1519?
7, 31
What are the prime factors of 2214?
2, 3, 41
What are the prime factors of 3664?
2, 229
What are the prime factors of 20515?
5, 11, 373
List the prime factors of 27048.
2, 3, 7, 23
List the prime factors of 7981.
23, 347
What are the prime factors of 15671?
15671
List the prime factors of 6371.
23, 277
List the prime factors of 719.
719
List the prime factors of 2458.
2, 1229
List the prime factors of 1468.
2, 367
What are the prime factors of 8966?
2, 4483
List the prime factors of 1119.
3, 373
List the prime factors of 847.
7, 11
List the prime factors of 168798.
2, 3, 7, 4019
What are the prime factors of 143396?
2, 11, 3259
What are the prime factors of 11272?
2, 1409
What are the prime factors of 36543?
3, 13, 937
What are the prime factors of 2653?
7, 379
List the prime factors of 7266.
2, 3,